5 is divided by 8?
7
Calculate the remainder when 3043 is divided by 145.
143
Calculate the remainder when 754 is divided by 95.
89
Calculate the remainder when 435 is divided by 109.
108
What is the remainder when 486 is divided by 119?
10
What is the remainder when 3130 is divided by 18?
16
What is the remainder when 1379 is divided by 105?
14
What is the remainder when 57 is divided by 2?
1
Calculate the remainder when 404 is divided by 166.
72
Calculate the remainder when 2626 is divided by 36.
34
What is the remainder when 146 is divided by 79?
67
Calculate the remainder when 18 is divided by 11.
7
What is the remainder when 303 is divided by 83?
54
Calculate the remainder when 725 is divided by 22.
21
Calculate the remainder when 746 is divided by 34.
32
What is the remainder when 886 is divided by 10?
6
What is the remainder when 311 is divided by 153?
5
What is the remainder when 3266 is divided by 653?
1
What is the remainder when 53 is divided by 8?
5
What is the remainder when 33 is divided by 28?
5
What is the remainder when 676 is divided by 36?
28
What is the remainder when 36568 is divided by 106?
104
What is the remainder when 14195 is divided by 53?
44
Calculate the remainder when 196 is divided by 80.
36
What is the remainder when 2391 is divided by 7?
4
What is the remainder when 101 is divided by 78?
23
Calculate the remainder when 545 is divided by 82.
53
Calculate the remainder when 357 is divided by 122.
113
Calculate the remainder when 4185 is divided by 46.
45
What is the remainder when 98 is divided by 9?
8
Calculate the remainder when 218 is divided by 60.
38
What is the remainder when 261 is divided by 45?
36
Calculate the remainder when 4392 is divided by 4392.
0
What is the remainder when 5930 is divided by 129?
125
What is the remainder when 4092 is divided by 80?
12
Calculate the remainder when 276 is divided by 56.
52
What is the remainder when 549 is divided by 199?
151
What is the remainder when 68 is divided by 16?
4
What is the remainder when 288 is divided by 73?
69
What is the remainder when 70 is divided by 36?
34
Calculate the remainder when 16037 is divided by 297.
296
What is the remainder when 4322 is divided by 13?
6
Calculate the remainder when 98 is divided by 2.
0
Calculate the remainder when 236 is divided by 34.
32
What is the remainder when 248 is divided by 73?
29
Calculate the remainder when 1128 is divided by 478.
172
Calculate the remainder when 169 is divided by 15.
4
Calculate the remainder when 29 is divided by 19.
10
Calculate the remainder when 6951 is divided by 17.
15
Calculate the remainder when 1182 is divided by 83.
20
Calculate the remainder when 2928 is divided by 35.
23
Calculate the remainder when 597 is divided by 25.
22
What is the remainder when 1091 is divided by 77?
13
What is the remainder when 1517 is divided by 117?
113
Calculate the remainder when 181 is divided by 23.
20
Calculate the remainder when 8488 is divided by 2827.
7
What is the remainder when 613 is divided by 44?
41
Calculate the remainder when 100 is divided by 44.
12
What is the remainder when 1200 is divided by 24?
0
What is the remainder when 779 is divided by 73?
49
Calculate the remainder when 299 is divided by 49.
5
Calculate the remainder when 1496 is divided by 107.
105
What is the remainder when 111 is divided by 4?
3
Calculate the remainder when 88 is divided by 41.
6
Calculate the remainder when 97 is divided by 8.
1
What is the remainder when 1395 is divided by 236?
215
Calculate the remainder when 678 is divided by 596.
82
What is the remainder when 981 is divided by 73?
32
Calculate the remainder when 342 is divided by 86.
84
Calculate the remainder when 4251 is divided by 6.
3
What is the remainder when 56 is divided by 29?
27
Calculate the remainder when 71 is divided by 37.
34
What is the remainder when 570 is divided by 29?
19
Calculate the remainder when 959 is divided by 242.
233
Calculate the remainder when 21864 is divided by 111.
108
Calculate the remainder when 1181 is divided by 579.
23
Calculate the remainder when 1136 is divided by 104.
96
What is the remainder when 228 is divided by 67?
27
What is the remainder when 468 is divided by 119?
111
What is the remainder when 28 is divided by 15?
13
Calculate the remainder when 2050 is divided by 36.
34
Calculate the remainder when 40846 is divided by 48.
46
What is the remainder when 546 is divided by 98?
56
Calculate the remainder when 212 is divided by 6.
2
What is the remainder when 94 is divided by 25?
19
Calculate the remainder when 2070 is divided by 122.
118
Calculate the remainder when 2294 is divided by 176.
6
Calculate the remainder when 302 is divided by 26.
16
Calculate the remainder when 46 is divided by 8.
6
Calculate the remainder when 83 is divided by 3.
2
Calculate the remainder when 78 is divided by 39.
0
Calculate the remainder when 2057 is divided by 4.
1
Calculate the remainder when 579 is divided by 176.
51
Calculate the remainder when 2573 is divided by 12.
5
What is the remainder when 1711 is divided by 61?
3
Calculate the remainder when 6498 is divided by 97.
96
Calculate the remainder when 6436 is divided by 18.
10
What is the remainder when 3442 is divided by 854?
26
What is the remainder when 527 is divided by 8?
7
What is the remainder when 1890 is divided by 31?
30
Calculate the remainder when 1672 is divided by 283.
257
Calculate the remainder when 134 is divided by 37.
23
Calculate the remainder when 390 is divided by 49.
47
Calculate the remainder when 1971 is divided by 57.
33
Calculate the remainder when 484 is divided by 328.
156
Calculate the remainder when 3959 is divided by 1315.
14
What is the remainder when 794 is divided by 47?
42
Calculate the remainder when 288 is divided by 49.
43
Calculate the remainder when 5847 is divided by 90.
87
Calculate the remainder when 1189 is divided by 93.
73
Calculate the remainder when 81 is divided by 35.
11
Calculate the remainder when 420 is divided by 73.
55
Calculate the remainder when 75 is divided by 19.
18
Calculate the remainder when 4267 is divided by 29.
4
Calculate the remainder when 4432 is divided by 14.
8
What is the remainder when 278 is divided by 8?
6
What is the remainder when 4199 is divided by 8?
7
Calculate the remainder when 3137 is divided by 10.
7
What is the remainder when 359 is divided by 12?
11
Calculate the remainder when 289 is divided by 74.
67
Calculate the remainder when 109 is divided by 3.
1
Calculate the remainder when 20099 is divided by 359.
354
What is the remainder when 302 is divided by 19?
17
Calculate the remainder when 699 is divided by 78.
75
What is the remainder when 165 is divided by 42?
39
Calculate the remainder when 586 is divided by 21.
19
What is the remainder when 5262 is divided by 1754?
0
Calculate the remainder when 51 is divided by 15.
6
Calculate the remainder when 2133 is divided by 12.
9
What is the remainder when 570 is divided by 22?
20
Calculate the remainder when 562 is divided by 186.
4
Calculate the remainder when 210 is divided by 54.
48
What is the remainder when 1342 is divided by 431?
49
Calculate the remainder when 413 is divided by 21.
14
What is the remainder when 563 is divided by 115?
103
What is the remainder when 3269 is divided by 411?
392
What is the remainder when 558 is divided by 56?
54
What is the remainder when 509 is divided by 17?
16
Calculate the remainder when 413 is divided by 46.
45
What is the remainder when 259 is divided by 29?
27
What is the remainder when 106 is divided by 60?
46
Calculate the remainder when 800 is divided by 9.
8
What is the remainder when 114 is divided by 56?
2
Calculate the remainder when 446 is divided by 5.
1
What is the remainder when 1775 is divided by 48?
47
What is the remainder when 114 is divided by 17?
12
What is the remainder when 930 is divided by 26?
20
What is the remainder when 1281 is divided by 23?
16
Calculate the remainder when 119 is divided by 98.
21
What is the remainder when 553 is divided by 124?
57
Calculate the remainder when 79 is divided by 28.
23
What is the remainder when 13 is divided by 8?
5
Calculate the remainder when 116 is divided by 22.
6
What is the remainder when 746 is divided by 363?
20
What is th